ed by h.
27
Suppose 3 = 2*l + 1, -2*z = -5*l - 57. Suppose -7 = -2*o + 5*g - 10*g, -4*g + 12 = 2*o. Calculate the remainder when z is divided by o.
15
Let p be -8*(2 + (-5)/2). Suppose -11 = -2*k - 0*k + y, -p*k - 5*y = -1. Calculate the remainder when 15 is divided by k.
3
Let l = -13 - -19. Let r = -86 + 95. What is the remainder when r is divided by l?
3
Let b(j) = -4*j - 16. What is the remainder when 46 is divided by b(-7)?
10
Let r(h) = h**3 + 5*h**2 + 4. Let d be 27/(-18)*(-10)/(-3). Calculate the remainder when 13 is divided by r(d).
1
What is the remainder when 23 is divided by 4/10*5 + 4?
5
Suppose -3 = 2*x + x. What is the remainder when 126/3 + (x - -1) is divided by 11?
9
Suppose 3*k - 3*m - 54 = -6*m, -2*k = m - 41. Let v = k - 6. Calculate the remainder when 50 is divided by v.
16
Suppose 5*q + 96 - 301 = 0. Suppose 0 = 5*g - 14 - q. Calculate the remainder when (0 + 1)/((-2)/(-42)) is divided by g.
10
Suppose -42 = 2*w - 2. Calculate the remainder when (30/w)/(1/(-10)) is divided by 8.
7
Let u(w) = -7*w + 4. What is the remainder when 72 is divided by u(-3)?
22
Let h = -2 - -2. Suppose h = v + 2*v - 18. What is the remainder when 2/((4/v)/1) is divided by 2?
1
Let n be -2 + -1 + 6 - -3. Let r be (1/(-2))/(n/(-48)). Let l(p) = 3*p + 1. Calculate the remainder when 37 is divided by l(r).
11
Suppose 2*g = 8*g - 18. Calculate the remainder when 8 is divided by g.
2
Suppose 3 = 5*c - 492. Calculate the remainder when c is divided by 25.
24
Let v(w) = -2*w + 13. Let k be v(5). Suppose -4*g = -2*o + 28, 4*o = g + k*g + 60. What is the remainder when 60 is divided by o?
12
Let a = 2 - -9. What is the remainder when a is divided by 3?
2
Suppose 0*k = 2*k. Suppose -100 = -5*u - 3*t, 82 = 4*u + 2*t - k*t. What is the remainder when u is divided by 8?
7
Let r = 13 + 39. What is the remainder when r is divided by 28?
24
Suppose 9*o = 7*o + 30. Calculate the remainder when 88 is divided by o.
13
Let t be (5/(-5))/((-2)/(-12)). Calculate the remainder when 84 is divided by (-5 - -2)/(t/58).
26
Suppose 3*w = 0, 6*l = 9*l - 4*w - 63. Let c(m) = -2*m - 5. Let t be c(-4). Calculate the remainder when l is divided by 1*13 - 6/t.
10
Suppose 32 = -r + 5*r + 3*i, -2*r + 2*i + 2 = 0. Let q = -15 + 24. Calculate the remainder when q is divided by r.
4
Suppose 3*g + 4*c = -g, 2*c - 35 = 5*g. Let l(h) = -h**3 - 4*h**2 + 2*h + 4. Suppose -6*d = d - 511. Calculate the remainder when d is divided by l(g).
16
Suppose 3*h = -15, -3*f - 2*h + 53 = -6*h. Suppose 2*b + 23 = 85. Calculate the remainder when b is divided by f.
9
Let y(i) = -i**2 - 8*i - 5. Let u be y(-7). What is the remainder when (u/(-5))/(1/(-40)) is divided by 6?
4
Let k be -3 + 2 + -1 + -25. Let y be k/(-4) + 6/(-8). What is the remainder when ((2 - y)*7)/(-2) is divided by 5?
4
Suppose -2*y - 27 = -5*y. Let a = -34 - -60. Calculate the remainder when a is divided by y.
8
Suppose -x = -2*k - 5, 5*k - 4 = -x + 15. Suppose -2*u - 3 = -u. Let o = 29 + u. What is the remainder when o is divided by x?
8
Let m(s) = s + 10. Suppose 33*q = 32*q + 14. What is the remainder when q is divided by m(-5)?
4
Let w = 62 + -50. Calculate the remainder when 57 is divided by w.
9
Suppose -4*c + 48 = 3*n + 12, n + 4 = 0. Calculate the remainder when 0 + c + 4/(-4) is divided by 6.
5
Suppose -w - 122 = -2*w + 5*l, -4*w = -l - 412. Calculate the remainder when w is divided by 38.
26
Let j(f) = f**2 - 3*f - 6. What is the remainder when j(7) is divided by 8?
6
Let w(r) = r**3 - 8*r**2 - 8*r + 9. Suppose -4 = y, 3*c + 3*y - y = 19. Let o be w(c). Suppose 4*d - 2*d - o = 0. What is the remainder when 15 is divided by d?
6
Suppose -8 = -2*l - 0*l. Suppose -21 + 9 = -l*x. Let y = x + -1. Calculate the remainder when 3 is divided by y.
1
Suppose 3*w - 12 = -0*w. Calculate the remainder when w is divided by 3.
1
Let y = -4 + 5. Suppose -7*s + 12 = -3*s. Suppose 0 = o - 2*o + 3*h + 10, 4*o - s*h - 13 = 0. Calculate the remainder when o is divided by y.
0
Suppose -143 - 47 = -5*f. Suppose 2*h - 7 = 13. Calculate the remainder when f is divided by h.
8
Let q = 0 + -3. Let f be -9 + (q - -1 - -3). Calculate the remainder when (2/3)/(f/(-420)) is divided by 9.
8
Let k be (-2)/4 + 66/4. Let h be 388/k - (-2)/(-8). Suppose -a + 2 = -d + 4*d, 2*a = 4*d + h. What is the remainder when 29 is divided by a?
5
Let i(c) = 15*c**2 + c - 1. Calculate the remainder when i(1) is divided by 7.
1
Let b = 15 - -16. Calculate the remainder when b is divided by 17.
14
Let u(n) = -n**2 - 8*n + 6. Let o be u(-8). Let p = 10 - o. Suppose w = -2*a + 7*a - 10, 3*a + w = 14. Calculate the remainder when p is divided by a.
1
Calculate the remainder when 157/4 - ((-5)/(-4) - 2) is divided by -2*2/4 - -12.
7
Suppose 3*s - u = 2*u + 39, 5 = -u. Let v(t) = 4*t - 1. What is the remainder when v(s) is divided by 11?
9
Suppose -2*n + n = -5. Suppose 2*h - n*h + 3 = 0. What is the remainder when 2 + h/(-2)*-6 is divided by 2?
1
Let f(t) = -4*t + 3. Suppose 8*a - 13*a = 1900. Calculate the remainder when f(-3) is divided by a/(-90) + (-4)/18.
3
Let j(u) = u**2 - 5*u - 9. Let x be -12*-4*(-3)/(-9). Suppose x = 4*a - 2*a. Calculate the remainder when a is divided by j(7).
3
Suppose -8*f + 4*f - 12 = 0. Calculate the remainder when 41 is divided by (12/f - 18)*-1.
19
Let o = -3 - -12. Suppose -3*g + 0*g - 10 = -5*f, -4*f + 8 = -2*g. Let r = g + 5. What is the remainder when o is divided by r?
4
Suppose 5 + 1 = 2*z, 5*o - 92 = z. Let q = o + -10. What is the remainder when 15 is divided by q?
6
Suppose -t - 7*t = -704. What is the remainder when t is divided by 15?
13
Suppose -5*v = -7*v + 2. What is the remainder when 57 is divided by (28 - 1) + v + 1?
28
Let n = 164 - 125. What is the remainder when 77 is divided by n?
38
Let z = 50 - 24. Suppose 106 = 4*f - z. What is the remainder when f is divided by 9?
6
Let w(h) = h**3 + 2*h**2 - 1. Let k be w(4). Let m = -59 + k. What is the remainder when m is divided by 13?
10
Suppose 8*p = 4*p, 3*r - 117 = 2*p. Let y = -6 + 14. What is the remainder when r is divided by y?
7
Let t = 35 + -22. Calculate the remainder when 25 is divided by t.
12
Let o be (-9 - -9)/(4/2). Let f(k) = -k**3 - k**2 - 2. Let z be f(o). Calculate the remainder when (z + 8/5)*-15 is divided by 4.
2
Suppose -3*n + 86 + 67 = 0. What is the remainder when n is divided by 111/9 - (-2)/3?
12
Let v(q) be the first derivative of -q**4/4 - q**3 - q**2 + 2*q - 1. Let o be -4 + (-2 + -2 + 3)*-1. What is the remainder when 22 is divided by v(o)?
6
Suppose -22*a + 16*a + 1338 = 0. What is the remainder when a is divided by 9?
7
Let l = 30 + -7. Let f(x) = 2*x**2 + 13*x - 11. What is the remainder when l is divided by f(-8)?
10
Suppose 0 = -11*b + 2*b + 999. What is the remainder when b is divided by 8?
7
Let x = -25 - -4. Let u = -14 - x. Let h = 14 + -10. What is the remainder when u is divided by h?
3
Suppose 3*c + 0*g - 2*g - 83 = 0, -3*g = 3. Calculate the remainder when 80 is divided by c.
26
Let n = 59 - 48. Suppose -g + 2 = -2. Calculate the remainder when n is divided by g.
3
Suppose -2*l = 2*y - 8 - 50, 2*l - 33 = -y. Let k(n) = 6*n - 38. Calculate the remainder when y is divided by k(8).
5
Let i(p) = 3*p**3 + 80. What is the remainder when i(0) is divided by 21?
17
Calculate the remainder when 67 is divided by (-87)/(-5) + (-4)/10.
16
Suppose -18 = -5*p + 2. Suppose 2*z + 2*u = 96, -p*z - 2*u + 53 = -3*z. Let n = z + -30. Calculate the remainder when 37 is divided by n.
11
Suppose -2*b = -w - 10, -4*b + 6 + 0 = 5*w. Suppose 0 = h + 3 - 19. Calculate the remainder when h is divided by b/10 - 28/(-5).
4
Suppose t - h = -8, -2*t - 8 = 2*t + 2*h. Let i = t - -10. Calculate the remainder when 23 is divided by i.
5
Suppose 13*s - 156 = s. What is the remainder when 50 is divided by s?
11
Suppose v = 4*v. Let l(k) = -k**2 - k + 5. What is the remainder when (-65)/26*16/(-5) is divided by l(v)?
3
Let r(w) = 8*w + 10 + 0*w**2 + 4*w**2 - 5*w**2 + 4*w. What is the remainder when r(8) is divided by 22?
20
Suppose -40 = w + w. Let d = w + 42. Calculate the remainder when d is divided by 6.
4
What is the remainder when (-402)/(-14) - (-2)/7 is divided by 3/(2 + 18/(-10))?
14
Suppose -3*s + s + 4*m + 16 = 0, 0 = -4*s + m - 3. Let h = 5 + s. What is the rem